inder when n is divided by 5?
3
Suppose -168 = 17*w - 21*w. What is the remainder when 167 is divided by w?
41
Suppose 0 = -s - 1 + 3. Suppose -15 = 3*w, 1 = 3*a - w + s*w. Suppose -2*f = a*f - 32. Calculate the remainder when f is divided by 3.
2
Suppose -105 = w - 4*w. What is the remainder when w is divided by 18?
17
Let r = 10 - 6. What is the remainder when r/12 + 70/6 is divided by 7?
5
Suppose 8*x - 5*x = -87. Let b = x + 45. Suppose -3*g + 114 - 21 = 0. Calculate the remainder when g is divided by b.
15
Suppose 0 = -2*l + 5*z + 7, -l = -4*l - 3*z + 42. What is the remainder when 42 is divided by l?
9
Let i(a) = 23*a**2 + 3*a + 2. Let r be i(-2). Suppose 2*y - r = s - 5*s, 5*y + 4*s = 220. Suppose h - 7 = 8. What is the remainder when y is divided by h?
14
Suppose 5*l = 6*o - o + 550, 4*l - 436 = 3*o. What is the remainder when l is divided by 27?
25
Let v = 11 + 23. What is the remainder when v is divided by 9?
7
Let i(m) be the third derivative of -m**5/60 + 7*m**4/24 - m**3/3 - m**2. Calculate the remainder when i(5) is divided by 8/2 - 2 - -1.
2
Suppose 2*t - 24 = 14. Calculate the remainder when 36 is divided by t.
17
Let i = -21 + 36. Suppose 2*u + i = -u. Let x(t) = 3*t**2 + 7*t + 3. What is the remainder when x(u) is divided by 11?
10
Suppose 0 = -2*u - 3*q + 34, -2*u - 2*q + 28 + 8 = 0. Suppose c + 4*t - 58 = 0, -4*c + 0*c = 3*t - 232. What is the remainder when c is divided by u?
18
Let g(o) = 2*o**3 - 6*o**2 + 3*o - 2. What is the remainder when g(4) is divided by 15?
12
Suppose -2*b + 4*a = 1 - 3, 3*b - 4*a = 5. Let g = b - -4. What is the remainder when 27 is divided by g?
6
What is the remainder when (42/9)/((-3)/(-3 - 96)) is divided by 12?
10
Let b(t) = t + 12. Let h be b(-10). Suppose 14 = k - 5*d, h + 2 = 3*k + 4*d. Suppose 4*y = 3*y + 10. What is the remainder when y is divided by k?
2
Let k = 8 + -5. Suppose -7*b + 104 = -k*b. What is the remainder when b is divided by 38/6 - (120/18)/(-10)?
5
Suppose y + 2*t + 4 = -5, 5*t = -2*y - 23. Calculate the remainder when y is divided by 1.
0
Suppose -799 = -12*t + 365. What is the remainder when t is divided by 49?
48
Let j = -1 + 11. Suppose -2*u - j = -7*u. What is the remainder when 4 is divided by (2/(-3))/(u/(-6))?
0
Let r(u) = -u**3 + 8*u**2 - 5*u - 8. Let t be r(7). Suppose -2*l + 20 = -t*l. What is the remainder when (-7)/3*(2 + l) is divided by 4?
3
Let o(b) = b**3 - 9*b**2 - 12*b + 12. Calculate the remainder when o(11) is divided by 32.
26
Let d(z) = -z**2 + 9*z + 9. Let x be (24/(-10))/((-3)/10). Let n(k) = 34*k**2 - 1. What is the remainder when n(-1) is divided by d(x)?
16
Let v = 35 + -23. Calculate the remainder when -6*1/(-15) - 652/(-20) is divided by v.
9
Let c(l) = -l + 9. What is the remainder when 21 is divided by c(-3)?
9
Suppose -4*y = -5*d - 115, -4*d + 0*y + y - 92 = 0. Let k = d - -32. What is the remainder when 33 is divided by k?
6
Let o = -12 - -14. Suppose -18 = -3*b + 2*x, -b = -o*b - x + 1. What is the remainder when 12 is divided by b?
0
Let s(q) = 7*q**3 + 2*q**2 + 2. Let v be s(-2). Let j = -27 - v. What is the remainder when j is divided by ((-40)/(-6))/((-5)/(15/(-2)))?
9
Suppose -4*a + 14 + 6 = 0. Suppose 5*q = -25, -4*w = -a*q - 28 - 85. What is the remainder when w is divided by 12?
10
Suppose -8*p + 3*p = -60. Suppose -3*m = -133 + 28. What is the remainder when m is divided by p?
11
Let i = 33 - 16. Let h = i - -4. Calculate the remainder when h is divided by (-93)/(-9) - (-4)/6.
10
Let s = -4 + 6. Suppose -2*z = -3*n + 46, n + s*z = 5*z + 6. Calculate the remainder when n is divided by 11.
7
Let m(d) = -5*d - 30. Let j be (-39)/(-9) - 2/(-3). Suppose 5*p - h = 11, p - h - 4 + j = 0. What is the remainder when m(-7) is divided by p?
2
Suppose 0 = 4*z - 9 - 7. Suppose 4*p - 388 = 4*m, 0*p - 408 = -z*p - m. Calculate the remainder when p is divided by 26.
23
Let y(s) = 10*s + 6. Let w be y(-9). Let m = w - -137. What is the remainder when m is divided by 14?
11
Calculate the remainder when 74 is divided by (-36)/(-28) - 1 - 580/(-28).
11
Let k(n) = -52*n + 4. Calculate the remainder when k(-2) is divided by 22.
20
Let g(w) = -w + 19. Let o(c) = -c**2 - 3*c. What is the remainder when g(16) is divided by o(-2)?
1
Calculate the remainder when 119 is divided by ((-20)/(-1))/(3 + (-15)/6).
39
Let q(x) = -6*x**2 - x. Let b(g) = 7*g**2 + g + 1. Let z(s) = -5*b(s) - 6*q(s). What is the remainder when 19 is divided by z(-4)?
5
Let d(c) = c**2 - 7*c - 3. Let u be d(7). Let z = u - -7. Calculate the remainder when 19 is divided by z.
3
Let p(u) = -u**2 + 5*u + 7. Let k be p(5). Suppose -12 = -4*j - 2*s, -7 + 4 = -j - 4*s. Suppose -k*z + j*z = -100. What is the remainder when z is divided by 9?
7
Let g(r) = -r + 5. Let h(n) = -2*n + 9. Let l(m) = 5*g(m) - 2*h(m). Let t be l(5). Calculate the remainder when 27 is divided by 57/4 - t/8.
13
Suppose 2*j = 7*j - 35. Suppose -3*z + 36 = -0. What is the remainder when z is divided by j?
5
Let u(x) = -x - 4. Let o be u(-6). Suppose 0 = -5*t + o*t + 12. Calculate the remainder when 6 is divided by t.
2
Suppose 6*r - 2*o = 4*r + 54, -3*r = -4*o - 85. Calculate the remainder when 67 is divided by r.
21
Let t = -14 - -24. Calculate the remainder when t is divided by 4.
2
Let g(l) = -l**3 - 2*l + 4. Calculate the remainder when 46 is divided by g(-2).
14
Let q(d) = -2*d**3 + 2*d**2 - d + 2. What is the remainder when q(-3) is divided by 13?
12
Let y(w) = w + 21. Calculate the remainder when y(0) is divided by 6.
3
Let x(w) = -4*w - 4. Let u(g) = -g - 1. Let c be u(-6). Suppose v + 2*v = c*y + 35, v - 9 = -y. What is the remainder when v is divided by x(-2)?
2
Suppose -3*c + 171 - 18 = 0. Suppose 0 = 3*h + c + 12. Let m = h - -34. What is the remainder when 25 is divided by m?
12
Let d = -5 + 7. Suppose 0 = -d*z + 3*x + 31, 4*x = 3*z - 5 - 43. Calculate the remainder when z is divided by 7.
6
Let m be -3 + 34 - 0/(-2). Let j = -18 + m. Let a = 57 + -33. Calculate the remainder when a is divided by j.
11
Suppose 2*f - 40 = -2*u, 3*f + 20 = u + 5*f. Calculate the remainder when u is divided by 4*((-19)/(-4) - 2).
9
Let z = 0 - -1. Let t = z - 0. What is the remainder when t is divided by (4 + -7)*((-4)/3 + 1)?
0
Suppose -4*f + 321 = -75. Calculate the remainder when f is divided by 17.
14
Let c(q) = 3*q**2 - 13*q - 8. Let b(f) = -4*f**2 + 14*f + 9. Let p(r) = -4*b(r) - 5*c(r). What is the remainder when 5 is divided by p(-9)?
1
Let j = 1 - 1. Suppose 60 = 4*s - j*s. Let r = 27 + 17. Calculate the remainder when r is divided by s.
14
Suppose -3*d + 2 = -7*d - 2*a, 5*a + 15 = 0. Let y(z) = 39*z - 1. Suppose -4*u + 65 = u + s, -39 = -3*u - 3*s. What is the remainder when y(d) is divided by u?
12
Suppose -7*n = 5*n - 1284. Calculate the remainder when n is divided by 10.
7
Suppose 5*h - 4*v - 111 = 0, 4*h + 5*v - 30 = 26. Suppose c + 2 - h = 0. Calculate the remainder when 33 is divided by c.
16
Let v(a) = -4*a + 11. Let k(r) = -7*r + 21. Let f(l) = 3*k(l) - 5*v(l). What is the remainder when 9 is divided by f(4)?
1
Suppose 0 = d + 20 - 23. What is the remainder when 22 is divided by d?
1
Let g(d) = 3*d**2 + 14*d - 7. What is the remainder when g(-6) is divided by 9?
8
Suppose 0*y - 26 = -2*y. Suppose -5*t + 10 + 10 = 0, 0 = r + t - 53. What is the remainder when r is divided by y?
10
Suppose 3*t - 41 = 31. Calculate the remainder when t is divided by 9.
6
Let u = 11 + -2. Let c(q) = q**3 + 9*q**2 + 7*q - 10. Calculate the remainder when c(-7) is divided by (u - -1)/(5/10).
19
Suppose 2*j + 102 = 4*x, 0*x + 4*x + 2*j = 106. Let y(t) = 4*t - 18. Calculate the remainder when x is divided by y(8).
12
Suppose -3*q = -0*q + 3. Suppose 1 + 10 = w. What is the remainder when (215/10)/(q/(-2)) is divided by w?
10
Suppose -3*a + 52 = 13. Let o = -5 + a. Let s = 71 + -49. What is the remainder when s is divided by o?
6
Let w(f) = -f**2 - 10*f + 14. Let c be w(-10). Suppose l = 27 + c. Let m(o) = 2*o**2 + 8*o + 4. Calculate the remainder when l is divided by m(-5).
13
Suppose 90 = 5*i + 5*b, -i - 43 = -2*i + 4*b. Calculate the remainder when i is divided by 7.
2
Suppose -t = -0*t - 114. Calculate the remainder when t is divided by 40.
34
Suppose -5*m = -v - 23, -5*v = -0*v - 10. Calculate the remainder when m is divided